{"id":51,"date":"2024-10-17T16:41:57","date_gmt":"2024-10-17T19:41:57","guid":{"rendered":"https:\/\/www.sofiasender.com\/catalogo\/?page_id=51"},"modified":"2024-10-18T11:58:19","modified_gmt":"2024-10-18T14:58:19","slug":"sobre-nosotros","status":"publish","type":"page","link":"https:\/\/www.sofiasender.com\/catalogo\/sobre-nosotros\/","title":{"rendered":"Sobre Nosotros"},"content":{"rendered":"<hr \/>\r\n<ul>\r\n<li>Comenzamos nuestra fabricaci\u00f3n en 2019, vendiendo en Mar del Plata y alrededores; hoy tenemos m\u00e1s de 200 clientes a lo largo de las 23 provincias, y vamos por m\u00e1s!<br \/><br \/><\/li>\r\n<li>Nuestro objetivo es colaborar al desarrollo de la industria nacional, brindando un producto de calidad y confianza para el uso y provecho de cada cliente.<br \/><br \/><\/li>\r\n<li>Pod\u00e9s pedirnos referencias por WhatsApp al 223 6697675.<\/li>\r\n<\/ul>\r\n","protected":false},"excerpt":{"rendered":"<p>Comenzamos nuestra fabricaci\u00f3n en 2019, vendiendo en Mar del Plata y alrededores; hoy tenemos m\u00e1s de 200 clientes a lo largo de las 23 provincias, y vamos por m\u00e1s! Nuestro objetivo es colaborar al desarrollo de la industria nacional, brindando un producto de calidad y confianza para el uso y provecho de cada cliente. Pod\u00e9s&#8230;<\/p>\n","protected":false},"author":1,"featured_media":0,"parent":0,"menu_order":5,"comment_status":"closed","ping_status":"closed","template":"","meta":{"footnotes":""},"class_list":["post-51","page","type-page","status-publish","hentry"],"_links":{"self":[{"href":"https:\/\/www.sofiasender.com\/catalogo\/wp-json\/wp\/v2\/pages\/51"}],"collection":[{"href":"https:\/\/www.sofiasender.com\/catalogo\/wp-json\/wp\/v2\/pages"}],"about":[{"href":"https:\/\/www.sofiasender.com\/catalogo\/wp-json\/wp\/v2\/types\/page"}],"author":[{"embeddable":true,"href":"https:\/\/www.sofiasender.com\/catalogo\/wp-json\/wp\/v2\/users\/1"}],"replies":[{"embeddable":true,"href":"https:\/\/www.sofiasender.com\/catalogo\/wp-json\/wp\/v2\/comments?post=51"}],"version-history":[{"count":11,"href":"https:\/\/www.sofiasender.com\/catalogo\/wp-json\/wp\/v2\/pages\/51\/revisions"}],"predecessor-version":[{"id":132,"href":"https:\/\/www.sofiasender.com\/catalogo\/wp-json\/wp\/v2\/pages\/51\/revisions\/132"}],"wp:attachment":[{"href":"https:\/\/www.sofiasender.com\/catalogo\/wp-json\/wp\/v2\/media?parent=51"}],"curies":[{"name":"wp","href":"https:\/\/api.w.org\/{rel}","templated":true}]}}